) = 2*h**2 + 142264*h + 569045. Give k(-4).
21
Let z(j) = -3*j**3 + 299*j**2 - 174*j - 2189. Determine z(99).
187
Let m(z) = 2*z**2 + 172*z - 51227. Calculate m(-209).
187
Let a(r) = -24106*r - 144614. Give a(-6).
22
Let i(f) = 11*f**3 - 596*f**2 + 137*f - 1180. Give i(54).
386
Let a(s) = -2*s**3 + 84*s**2 + 799*s + 43. Determine a(50).
-7
Let p(j) = j**2 + 70811*j - 354083. What is p(5)?
-3
Let m(o) = 3*o**3 + 34*o**2 - 18*o + 309. Calculate m(-13).
-302
Let v(q) = q**3 + 79*q**2 + 575*q + 59719. Give v(-81).
22
Let f(r) = -593*r - 1747. What is f(-3)?
32
Let f(s) = s**2 - 5462*s - 1380291. What is f(-242)?
77
Let q(i) = -10*i**3 + 58*i**2 - 48*i - 328. Give q(3).
-220
Let p(z) = 120*z**3 - 40*z - 39. What is p(-1)?
-119
Let p(t) = t**3 - 41*t**2 - 457*t + 40. Give p(50).
-310
Let h(k) = -307*k**2 - 290*k + 584. Determine h(2).
-1224
Let g(a) = -7*a**2 - 524*a + 6717. Calculate g(-86).
9
Let p(u) = 3*u**2 - 123*u - 1062. What is p(48)?
-54
Let w(g) = -g**3 - 16*g**2 + 3*g + 48. What is w(-5)?
-242
Let c(s) = -s**3 - 41*s**2 + 273*s + 9673. Determine c(-42).
-29
Let u(t) = -5*t**2 - 415*t + 9465. What is u(-102)?
-225
Let n(z) = -z**2 - 4255*z + 76909. What is n(18)?
-5
Let c(m) = 37*m**2 - 1428*m + 787. Give c(38).
-49
Let x(a) = -15*a**2 + 944*a + 332. Calculate x(64).
-692
Let j(t) = 100*t**2 - 54*t + 175. Determine j(3).
913
Let l(j) = -232*j**3 - 2218*j + 2219. Give l(1).
-231
Let b(t) = 612*t**2 + 3054*t + 29. Calculate b(-5).
59
Let x(o) = 3936*o - 3615. Calculate x(1).
321
Let o(k) = -37*k**3 - 515*k**2 - 123*k - 2315. Determine o(-14).
-5
Let a(x) = -7*x**3 - 6*x**2 - 324*x - 319. Give a(-1).
6
Let q(m) = -9928*m - 1538851. Give q(-155).
-11
Let p(r) = 322001*r - 322057. What is p(1)?
-56
Let u(i) = -2243*i - 1238159. What is u(-552)?
-23
Let r(v) = -2*v**3 + 24*v**2 + 58457*v - 701477. What is r(12)?
7
Let t(p) = -9*p**2 + 15*p + 35524. Calculate t(-62).
-2
Let p(w) = 221*w - 123511. Give p(559).
28
Let j(v) = 2*v**3 + 10*v**2 + 10*v - 25. Calculate j(-6).
-157
Let l(v) = 2*v**2 + 650*v - 46242. Give l(60).
-42
Let l(b) = 51*b**2 + 5036*b - 43551. Determine l(8).
1
Let t(w) = 6*w**3 - 156*w**2 - 4248*w + 110454. Give t(26).
6
Let k(a) = -853*a - 4259. Give k(-5).
6
Let k(g) = 394*g**2 + 5527*g + 129. Calculate k(-14).
-25
Let b(j) = -88469*j - 353877. Give b(-4).
-1
Let c(p) = 357*p + 11809. Give c(-33).
28
Let x(j) = -j**3 - 169*j**2 + 205*j + 5563. Give x(-170).
-387
Let q(c) = c**3 - 36*c**2 + 36*c + 1159. What is q(34)?
71
Let k(y) = -103*y**2 + 554*y - 1668. Calculate k(3).
-933
Let q(u) = -7196*u - 690824. Give q(-96).
-8
Let x(u) = 81*u**2 + 3501*u + 277. What is x(-43)?
-497
Let f(l) = -2*l**2 + 2969*l + 57277. Calculate f(-19).
144
Let s(u) = 11*u**2 + 5254*u + 26268. Calculate s(-5).
273
Let t(p) = 21*p**2 - 2068*p + 12395. Calculate t(6).
743
Let o(f) = -10*f**2 + 1310*f + 2658. What is o(133)?
-2
Let x(b) = -49475*b + 296854. Give x(6).
4
Let r(s) = 107*s + 1601. What is r(-17)?
-218
Let i(o) = -906*o + 35076. Determine i(38).
648
Let x(i) = 153069*i + 4592047. Determine x(-30).
-23
Let i(y) = -2107*y - 99022. What is i(-47)?
7
Let f(y) = -1619*y - 804594. Calculate f(-497).
49
Let i(p) = -2*p**3 + 34*p**2 + 4*p + 74. What is i(15)?
1034
Let k(g) = 3*g**3 + 37*g**2 - 296*g - 3496. What is k(-13)?
14
Let v(w) = -171678*w + 1029735. Calculate v(6).
-333
Let m(q) = -7*q**3 - 69*q**2 + 439*q + 4352. Calculate m(-8).
8
Let r(w) = -9598*w + 14022663. Determine r(1461).
-15
Let k(y) = -y**3 - 22*y**2 - 82*y - 2424. Determine k(-23).
-9
Let b(w) = w**2 + 329*w - 30792. What is b(76)?
-12
Let u(l) = 334*l + 8455. Give u(-25).
105
Let m(q) = 212*q**2 - 5136*q + 417. Calculate m(24).
-735
Let p(l) = 2*l**3 - 84*l**2 + 67*l + 65. What is p(41)?
-550
Let u(i) = -117*i**2 - 315*i + 961. What is u(3)?
-1037
Let q(o) = 46648*o - 3731836. Give q(80).
4
Let h(c) = 219*c**2 - 839*c - 93. Determine h(4).
55
Let f(x) = -22*x**2 - 107*x + 1428. Determine f(6).
-6
Let l(h) = 2*h**2 - 315*h + 6564. Give l(133).
47
Let k(n) = n**3 + 45*n**2 + 326*n + 12469. What is k(-44)?
61
Let h(l) = l**3 - 25*l**2 - 235*l + 352. Determine h(32).
0
Let n(h) = 106409*h - 425607. Give n(4).
29
Let k(y) = -y**2 - 2378*y + 139. Give k(0).
139
Let i(x) = -15020*x + 5031688. What is i(335)?
-12
Let r(a) = -5526*a + 121470. Give r(22).
-102
Let i(v) = -29*v**2 - 205*v - 158. Give i(-6).
28
Let v(o) = -531*o**2 + 19165*o - 1761. What is v(36)?
3
Let x(w) = -792*w - 38741. What is x(-49)?
67
Let f(a) = 233*a**3 - 1396*a**2 - 58*a + 333. Determine f(6).
57
Let x(t) = -3*t**3 - 47*t**2 - 219. Give x(-16).
37
Let o(w) = w**3 + 30*w**2 + 45*w - 78. What is o(-29)?
-542
Let q(x) = 2*x**2 + 475*x + 28177. Calculate q(-115).
2
Let p(q) = q**3 + 20*q**2 - 304*q - 4813. What is p(-12)?
-13
Let z(c) = 589*c**3 - 6*c**2 - c - 7. Calculate z(-1).
-601
Let h(r) = 92*r**2 + 9106*r - 225. Give h(-99).
-27
Let c(g) = -g**3 + 474*g**2 - 3715*g - 5787. Calculate c(466).
271
Let g(o) = -97*o**3 - 972*o**2 + 122*o + 1418. What is g(-10)?
-2
Let z(w) = 4*w**2 - 994*w + 31247. What is z(37)?
-55
Let u(z) = 20*z**3 + 841*z**2 + 45*z + 101. Calculate u(-42).
-25
Let j(n) = 6*n**2 - 4439*n + 25695. Give j(734).
5
Let q(t) = -483296*t + 2416489. What is q(5)?
9
Let l(u) = -u**3 + 22*u**2 - 46*u - 55. Calculate l(12).
833
Let s(h) = -h**2 + 672*h + 15082. Give s(-21).
529
Let p(b) = 5904*b + 17678. Calculate p(-3).
-34
Let x(i) = -130*i**2 - 1258*i + 29573. What is x(11)?
5
Let x(j) = j**3 - 277*j - 1612. Give x(-6).
-166
Let j(y) = 7*y**2 + 1571*y - 44780. Determine j(-250).
-30
Let k(b) = b**3 - 9*b**2 - 33*b - 741. Give k(-10).
-2311
Let s(q) = 7*q**2 + 493*q - 1503. Determine s(-73).
-189
Let p(v) = 44199*v + 132365. Give p(-3).
-232
Let a(r) = -3*r**2 - 101*r - 1052. Calculate a(-20).
-232
Let a(t) = t**2 + 39512*t + 1578868. Determine a(-40).
-12
Let o(c) = -1824*c**3 + 574561*c**2 - 310*c - 1587. Calculate o(315).
-12
Let d(l) = 9*l**2 + 123*l - 1852. What is d(-22)?
-202
Let i(r) = 1191*r**2 + 5946*r - 44. What is i(-5)?
1
Let j(a) = a**2 - 110*a - 5967. What is j(-40)?
33
Let s(g) = 271*g + 29247. Give s(-109).
-292
Let o(l) = 300496*l + 2403957. Give o(-8).
-11
Let o(w) = 85*w**2 - 62755*w + 18403. Give o(738).
-47
Let s(g) = 1078*g + 178921. Give s(-166).
-27
Let z(c) = -16*c - 1020. Determine z(0).
-1020
Let a(f) = 18*f**3 - 323*f**2 - 324*f + 5494. Give a(18).
-14
Let c(g) = 424*g**3 + 1696*g**2 + 353*g + 1400. Determine c(-4).
-12
Let o(u) = 7*u**3 - 14*u**2 - u + 77. Calculate o(9).
4037
Let k(o) = -3*o**3 - 53*o**2 - 54*o + 104. What is k(-2)?
24
Let z(s) = 2*s**3 + 81*s**2 + 205*s + 584. Give z(-38).
14
Let r(l) = -154*l**2 + 1264*l + 1435. Calculate r(-1).
17
Let g(n) = -608*n**3 - 3035*n**2 - 7*n - 19. Give g(-5).
141
Let w(c) = -52031*c - 936779. What is w(-18)?
-221
Let p(h) = 5*h**3 - 54*h**2 + 247*h - 624. What is p(6)?
-6
Let f(g) = g**3 + 35*g**2 - 1297*g - 2365. What is f(-57)?
86
Let j(c) = -29478*c - 442186. Calculate j(-15).
-16
Let l(o) = 332*o - 642. Give l(6).
1350
Let u(k) = -18831*k + 527036. Calculate u(28).
-232
Let y(w) = -15*w**2 - 38*w - 372. Give y(-13).
-2413
Let h(n) = -472*n + 43259. Determine h(92).
-165
Let x(a) = -a**3 + 29*a**2 + 102*a - 783. Calculate x(30).
1377
Let c(s) = -s**2 + 34971*s + 735013. Give c(-21).
181
Let j(s) = 20*s + 139. Determine j(35).
839
Let o(s) = -3*s**3 - 15*s**2 + 276*s - 686. What is o(6)?
-218
Let a(l) = -2*l**3 - 143*l**2 + 3022*l - 142. Determine a(17).
79
Let q(s) = 13468*s - 2168401. Determine q(161).
-53
Let a(b) = b**2 - 575*b - 25873. What is a(-42)?
41
Let y(d) = -2*d**2 + 523*d + 6381. Give y(-12).
-183
Let r(a) = 653*a + 1402. Calculate r(-2).
96
Let h(b) = -94893*b + 5883372. Calculate h(62).
6
Let u(g) = -g**2 - 75*g - 1025. Calculate u(-58).
-39
Let d(s) = -22*s**3 + 1165*s**2 + 58*s - 257. Give d(53).
8
Let c(o) = -426*o**2 - 180*o + 507. Give c(3).
-3867
Let n(y) = -1591*y**2 + 7925*y - 2. Give n(5).
-152
Let v(x) = x**3 + 541*x**2 - 89610*x + 21564. Determine v(-674).
-4
Let u(x) = -897*x + 104039. Determine u(116).
-13
Let f(m) = -6*m**2 + 33*m - 497. Calculate f(4).
-461
Let n(o) = -35*o**2 + 889*o - 2593. What is n(3)?
-241
Let r(t) = -5*t**3 + 891*t**2 - 1045*t - 2989. Determine r(177).
20
Let v(